{"id":14,"date":"2018-01-13T16:57:28","date_gmt":"2018-01-13T16:57:28","guid":{"rendered":"http:\/\/www.sprengnoeder.de\/?page_id=14"},"modified":"2018-01-14T10:56:29","modified_gmt":"2018-01-14T10:56:29","slug":"ueber-uns","status":"publish","type":"page","link":"http:\/\/www.sprengnoeder.de\/?page_id=14","title":{"rendered":"\u00dcBER UNS"},"content":{"rendered":"<p>Unser traditionsreiches Unternehmen verkn\u00fcpft langj\u00e4hrige Erfahrungen aus der beruflichen T\u00e4tigkeit mit modernsten Anforderungen der heutigen Zeit. Ein einsatzfreudiges Team setzt alle Arbeiten zu Ihrer vollsten Zufriedenheit um.<\/p>\n<p>Das Schaffen mit unseren H\u00e4nden macht uns Freude.<\/p>\n<p>Es erf\u00fcllt uns jedes Mal wieder mit Stolz, wenn ein weiteres Projekt abgeschlossen wurde und wir in die zufriedenen Gesichter unserer Kunden blicken.<br \/>\nWir bilden uns stetig weiter, denn nur so k\u00f6nnen wir Ihre Arbeiten auch in Zukunft fachlich kompetent, zuverl\u00e4ssig und mit Hingabe umsetzen.<\/p>\n","protected":false},"excerpt":{"rendered":"<p>Unser traditionsreiches Unternehmen verkn\u00fcpft langj\u00e4hrige Erfahrungen aus der beruflichen T\u00e4tigkeit mit modernsten Anforderungen der heutigen Zeit. Ein einsatzfreudiges Team setzt alle Arbeiten zu Ihrer vollsten Zufriedenheit um. Das Schaffen mit unseren H\u00e4nden macht uns Freude. Es erf\u00fcllt uns jedes Mal wieder mit Stolz, wenn ein weiteres Projekt abgeschlossen wurde und wir in die zufriedenen Gesichter&hellip; <a href=\"http:\/\/www.sprengnoeder.de\/?page_id=14\" class=\"more-link\">Weiterlesen <span class=\"screen-reader-text\">\u00dcBER UNS<\/span><\/a><\/p>\n","protected":false},"author":1,"featured_media":0,"parent":0,"menu_order":0,"comment_status":"closed","ping_status":"closed","template":"templates\/full-width-page.php","meta":{"footnotes":""},"_links":{"self":[{"href":"http:\/\/www.sprengnoeder.de\/index.php?rest_route=\/wp\/v2\/pages\/14"}],"collection":[{"href":"http:\/\/www.sprengnoeder.de\/index.php?rest_route=\/wp\/v2\/pages"}],"about":[{"href":"http:\/\/www.sprengnoeder.de\/index.php?rest_route=\/wp\/v2\/types\/page"}],"author":[{"embeddable":true,"href":"http:\/\/www.sprengnoeder.de\/index.php?rest_route=\/wp\/v2\/users\/1"}],"replies":[{"embeddable":true,"href":"http:\/\/www.sprengnoeder.de\/index.php?rest_route=%2Fwp%2Fv2%2Fcomments&post=14"}],"version-history":[{"count":5,"href":"http:\/\/www.sprengnoeder.de\/index.php?rest_route=\/wp\/v2\/pages\/14\/revisions"}],"predecessor-version":[{"id":55,"href":"http:\/\/www.sprengnoeder.de\/index.php?rest_route=\/wp\/v2\/pages\/14\/revisions\/55"}],"wp:attachment":[{"href":"http:\/\/www.sprengnoeder.de\/index.php?rest_route=%2Fwp%2Fv2%2Fmedia&parent=14"}],"curies":[{"name":"wp","href":"https:\/\/api.w.org\/{rel}","templated":true}]}}