{"id":13,"date":"2018-01-13T16:57:28","date_gmt":"2018-01-13T16:57:28","guid":{"rendered":"http:\/\/www.sprengnoeder.de\/?page_id=13"},"modified":"2023-03-22T14:52:08","modified_gmt":"2023-03-22T14:52:08","slug":"home","status":"publish","type":"page","link":"http:\/\/www.sprengnoeder.de\/","title":{"rendered":"HOME"},"content":{"rendered":"<p>\u00a0<\/p>\n<p>Traditionell und dennoch modern \u2013 das zeichnet unseren Handwerksbetrieb aus.<\/p>\n<p>Seit 1998 sind wir Ihr Partner in Sachen:<\/p>\n<p><strong>Pflasterarbeiten und Au\u00dfenanlagen, Neubau, Anbau, Umbau.<\/strong><\/p>\n<p>Wir fertigen speziell f\u00fcr Sie Qualit\u00e4tsarbeiten aus Meisterhand zu angemessenen Preisen. Setzen Sie auf uns!<br \/>Informieren Sie sich auf den folgenden Seiten n\u00e4her zu unserem Unternehmen und unseren Leistungen. Wir freuen uns, wenn wir Ihnen behilflich sein k\u00f6nnen.<\/p>\n<p>Ab sofort bieten wir einen Verleih von Schalmaterial und Werkzeug f\u00fcr Pflasterarbeiten an.<\/p>\n<p>\u00a0<\/p>\n\n\n<p><\/p>\n","protected":false},"excerpt":{"rendered":"<p>\u00a0 Traditionell und dennoch modern \u2013 das zeichnet unseren Handwerksbetrieb aus. Seit 1998 sind wir Ihr Partner in Sachen: Pflasterarbeiten und Au\u00dfenanlagen, Neubau, Anbau, Umbau. Wir fertigen speziell f\u00fcr Sie Qualit\u00e4tsarbeiten aus Meisterhand zu angemessenen Preisen. Setzen Sie auf uns!Informieren Sie sich auf den folgenden Seiten n\u00e4her zu unserem Unternehmen und unseren Leistungen. Wir freuen&hellip; <a href=\"http:\/\/www.sprengnoeder.de\/\" class=\"more-link\">Weiterlesen <span class=\"screen-reader-text\">HOME<\/span><\/a><\/p>\n","protected":false},"author":1,"featured_media":43,"parent":0,"menu_order":0,"comment_status":"closed","ping_status":"closed","template":"templates\/full-width-page.php","meta":{"footnotes":""},"_links":{"self":[{"href":"http:\/\/www.sprengnoeder.de\/index.php?rest_route=\/wp\/v2\/pages\/13"}],"collection":[{"href":"http:\/\/www.sprengnoeder.de\/index.php?rest_route=\/wp\/v2\/pages"}],"about":[{"href":"http:\/\/www.sprengnoeder.de\/index.php?rest_route=\/wp\/v2\/types\/page"}],"author":[{"embeddable":true,"href":"http:\/\/www.sprengnoeder.de\/index.php?rest_route=\/wp\/v2\/users\/1"}],"replies":[{"embeddable":true,"href":"http:\/\/www.sprengnoeder.de\/index.php?rest_route=%2Fwp%2Fv2%2Fcomments&post=13"}],"version-history":[{"count":10,"href":"http:\/\/www.sprengnoeder.de\/index.php?rest_route=\/wp\/v2\/pages\/13\/revisions"}],"predecessor-version":[{"id":178,"href":"http:\/\/www.sprengnoeder.de\/index.php?rest_route=\/wp\/v2\/pages\/13\/revisions\/178"}],"wp:featuredmedia":[{"embeddable":true,"href":"http:\/\/www.sprengnoeder.de\/index.php?rest_route=\/wp\/v2\/media\/43"}],"wp:attachment":[{"href":"http:\/\/www.sprengnoeder.de\/index.php?rest_route=%2Fwp%2Fv2%2Fmedia&parent=13"}],"curies":[{"name":"wp","href":"https:\/\/api.w.org\/{rel}","templated":true}]}}